
0
10 (base 4) to base 3
11
104 (base 8) to base 2
1000100
What is -264 (base 8) in base 5?
-1210
Convert 107 (base 10) to base 16.
6b
Convert 3 (base 11) to base 5.
3
-9d (base 14) to base 2
-10001011
Convert 3 (base 15) to base 11.
3
Convert -e (base 15) to base 6.
-22
What is 43 (base 14) in base 8?
73
Convert 44 (base 9) to base 7.
55
Convert -26 (base 7) to base 6.
-32
What is 11 (base 11) in base 13?
c
What is -14 (base 10) in base 15?
-e
3 (base 7) to base 14
3
What is 15 (base 13) in base 5?
33
-5 (base 8) to base 5
-10
0 (base 14) to base 12
0
8 (base 12) to base 5
13
Convert -320 (base 4) to base 8.
-70
What is -310 (base 6) in base 12?
-96
What is -4 (base 7) in base 15?
-4
What is 2 (base 10) in base 9?
2
What is 6 (base 8) in base 10?
6
12 (base 9) to base 3
102
What is 16 (base 8) in base 9?
15
Convert 6 (base 11) to base 13.
6
What is -10 (base 7) in base 13?
-7
Convert -1a (base 16) to base 6.
-42
Convert -314 (base 5) to base 4.
-1110
What is 3 (base 16) in base 9?
3
What is -4 (base 14) in base 4?
-10
Convert -7 (base 11) to base 3.
-21
100010 (base 3) to base 14
138
-45 (base 11) to base 3
-1211
Convert 116 (base 8) to base 13.
60
Convert 342 (base 5) to base 15.
67
What is 8 (base 16) in base 11?
8
2100 (base 3) to base 2
111111
Convert -1 (base 3) to base 9.
-1
What is 0 (base 11) in base 5?
0
21 (base 3) to base 12
7
-10 (base 2) to base 14
-2
What is -11 (base 15) in base 9?
-17
Convert -1 (base 6) to base 14.
-1
-3 (base 8) to base 7
-3
Convert 20210 (base 3) to base 13.
111
What is -14 (base 5) in base 7?
-12
What is -221 (base 6) in base 10?
-85
11000001 (base 2) to base 15
cd
84 (base 14) to base 7
224
What is -1011 (base 2) in base 14?
-b
Convert -3 (base 6) to base 14.
-3
What is -1 (base 6) in base 4?
-1
Convert 5 (base 16) to base 5.
10
Convert -6 (base 15) to base 8.
-6
Convert c3 (base 14) to base 9.
210
What is -14 (base 11) in base 8?
-17
What is 58 (base 13) in base 5?
243
What is 1 (base 3) in base 4?
1
What is 2 (base 6) in base 14?
2
Convert 100 (base 3) to base 12.
9
-1 (base 11) to base 5
-1
What is 3 (base 9) in base 3?
10
Convert -322 (base 4) to base 10.
-58
2b (base 14) to base 11
36
What is -15 (base 9) in base 6?
-22
What is c (base 16) in base 2?
1100
Convert 95 (base 15) to base 6.
352
4 (base 5) to base 10
4
What is 6 (base 12) in base 5?
11
Convert 422 (base 7) to base 9.
255
Convert -4 (base 12) to base 15.
-4
Convert 1 (base 11) to base 15.
1
1a (base 16) to base 3
222
Convert -14 (base 6) to base 11.
-a
Convert 54 (base 12) to base 8.
100
Convert 10 (base 10) to base 6.
14
What is -1334 (base 5) in base 12?
-163
100 (base 2) to base 3
11
What is 163 (base 14) in base 6?
1151
What is 19 (base 11) in base 6?
32
What is 1212 (base 5) in base 12?
132
-a (base 12) to base 9
-11
What is -76 (base 8) in base 6?
-142
Convert -5 (base 11) to base 12.
-5
What is 8 (base 9) in base 2?
1000
0 (base 14) to base 12
0
What is -2 (base 3) in base 12?
-2
Convert 2 (base 14) to base 15.
2
1 (base 11) to base 5
1
5a (base 14) to base 2
1010000
-52 (base 11) to base 10
-57
What is 100 (base 2) in base 6?
4
-2 (base 5) to base 13
-2
What is -71 (base 13) in base 12?
-78
-122 (base 4) to base 12
-22
3 (base 10) to base 3
10
-321 (base 4) to base 3
-2010
What is 11 (base 6) in base 12?
7
-55 (base 14) to base 10
-75
Convert c7 (base 16) to base 8.
307
Convert -6 (base 16) to base 3.
-20
-24 (base 14) to base 8
-40
17 (base 15) to base 8
26
Convert -1 (base 9) to base 7.
-1
-6 (base 8) to base 9
-6
Convert 3 (base 10) to base 13.
3
Convert -1332 (base 5) to base 8.
-331
2 (base 3) to base 15
2
Convert -8 (base 10) to base 14.
-8
Convert 1 (base 3) to base 10.
1
70 (base 13) to base 14
67
What is -a6 (base 13) in base 8?
-210
-12 (base 6) to base 14
-8
Convert -6 (base 14) to base 6.
-10
What is -21 (base 5) in base 9?
-12
What is 5 (base 12) in base 13?
5
101 (base 2) to base 16
5
Convert 303 (base 6) to base 7.
216
Convert 4 (base 11) to base 2.
100
-11 (base 3) to base 16
-4
What is 1 (base 7) in base 16?
1
What is 8 (base 11) in base 14?
8
Convert 13d (base 15) to base 5.
2113
-1a (base 11) to base 9
-23
What is 2 (base 14) in base 8?
2
Convert 6 (base 15) to base 2.
110
Convert 2a (base 11) to base 4.
200
What is 6 (base 10) in base 16?
6
What is -257 (base 10) in base 2?
-100000001
What is 3 (base 10) in base 13?
3
What is 5 (base 15) in base 16?
5
-4 (base 5) to base 4
-10
Convert 2 (base 5) to base 13.
2
Convert 3 (base 12) to base 9.
3
Convert 13 (base 4) to base 15.
7
What is 66 (base 14) in base 8?
132
-2 (base 8) to base 4
-2
-3 (base 15) to base 13
-3
Convert -112 (base 7) to base 2.
-111010
Convert -1 (base 9) to base 14.
-1
2 (base 13) to base 9
2
What is -1412 (base 5) in base 8?
-350
0 (base 5) to base 8
0
Convert -3b (base 12) to base 15.
-32
Convert -76 (base 15) to base 13.
-87
What is -20 (base 12) in base 11?
-22
10 (base 3) to base 15
3
2 (base 12) to base 11
2
What is 11222 (base 3) in base 7?
251
3 (base 7) to base 13
3
Convert -7 (base 12) to base 16.
-7
11 (base 4) to base 14
5
2 (base 10) to base 3
2
-4 (base 6) to base 11
-4
What is 101 (base 9) in base 6?
214
10111 (base 2) to base 3
212
-1132 (base 4) to base 2
-1011110
258 (base 11) to base 14
17b
Convert -228 (base 10) to base 15.
-103
Convert -41 (base 5) to base 3.
-210
-3 (base 16) to base 11
-3
Convert -1e (base 15) to base 13.
-23
What is -5 (base 7) in base 2?
-101
What is 8 (base 14) in base 3?
22
Convert 1 (base 7) to base 10.
1
30 (base 5) to base 14
11
What is -56 (base 7) in base 14?
-2d
What is -5 (base 13) in base 9?
-5
Convert -3 (base 11) to base 2.
-11
Convert 58 (base 9) to base 14.
3b
Convert -120 (base 10) to base 8.
-170
Convert 12010 (base 3) to base 14.
9c
Convert -59 (base 16) to base 13.
-6b
af (base 16) to base 7
340
What is -11 (base 13) in base 14?
-10
Convert 11 (base 4) to base 15.
5
What is 16b (base 14) in base 7?
564
What is -67 (base 14) in base 12?
-77
11 (base 2) to base 15
3
Convert -2 (base 11) to base 13.
-2
-137 (base 15) to base 14
-15b
Convert 11 (base 6) to base 10.
7
Convert -16 (base 10) to base 9.
-17
222 (base 3) to base 4
122
103 (base 4) to base 6
31
-14 (base 6) to base 8
-12
What is -1f (base 16) in base 12?
-27
0 (base 8) to base 4
0
What is 11 (base 6) in base 11?
7
-1101101 (base 2) to base 6
-301
Convert 20 (base 4) to base 15.
8
Convert 1 (base 14) to base 15.
1
-186 (base 10) to base 6
-510
Convert -a (base 11) to base 8.
-12
1012 (base 3) to base 7
44
Convert -31 (base 8) to base 4.
-121
-22 (base 6) to base 16
-e
2 (base 7) to base 12
2
Convert 3 (base 5) to base 6.
3
-a (base 15) to base 7
-13
1 (base 4) to base 3
1
-4 (base 7) to base 10
-4
What is -13 (base 5) in base 6?
-12
-1b (base 14) to base 4
-121
Convert -4 (base 11) to base 13.
-4
1 (base 16) to base 6
1
What is -55 (base 9) in base 2?
-110010
What is -33 (base 14) in base 4?
-231
What is 33 (base 7) in base 12?
20
-13 (base 11) to base 10
-14
Convert -2012 (base 3) to base 10.
-59
20210 (base 3) to base 4
2313
-9 (base 11) to base 10
-9
What is -1 (base 2) in base 3?
-1
What is 44 (base 6) in base 15?
1d
What is -1 (base 9) in base 14?
-1
-36 (base 7) to base 8
-33
Convert -2 (base 10) to base 2.
-10
What is 12b (base 13) in base 9?
248
3 (base 16) to base 3
10
Convert 23 (base 8) to base 2.
10011
Convert 1 (base 6) to base 11.
1
Convert -73 (base 13) to base 6.
-234
-86 (base 14) to base 9
-141
-10113 (base 4) to base 3
-101100
What is 10 (base 9) in base 15?
9
3 (base 8) to base 9
3
-3 (base 10) to base 4
-3
-37 (base 10) to base 4
-211
Convert -120 (base 10) to base 5.
-440
What is -2b (base 13) in base 15?
-27
What is -1a1 (base 12) in base 4?
-10021
Convert c (base 14) to base 9.
13
5 (base 10) to base 14
5
-5 (base 8) to base 2
-101
What is 37 (base 9) in base 4?
202
Convert -7 (base 14) to base 9.
-7
Convert -1 (base 15) to base 14.
-1
What is -1 (base 12) in base 10?
-1
What is 5 (base 6) in base 16?
5
Convert -b (base 14) to base 15.
-b
-24 (base 14) to base 15
-22
What is -36 (base 7) in base 16?
-1b
What is -11 (base 7) in base 13?
-8
3 (base 10) to base 4
3
Convert -57 (base 11) to base 12.
-52
Convert 20 (base 3) to base 10.
6
-178 (base 11) to base 13
-12b
What is 1 (base 16) in base 6?
1
0 (bas